 - 16 = 0. Suppose -5*d + c = -298. Suppose 0 = -3*g - 2*a + d, 0 = -4*g + 5*g + a - 22. List the prime factors of g.
19
Let m(q) = 4*q**2 - 2*q - 1. Let f be m(-1). Suppose 5*n = -f + 765. What are the prime factors of n?
2, 19
List the prime factors of 2/(-4) - 4545/(-10).
2, 227
Let k = 37 + -36. Let h(x) = -1 + 18*x - 18*x + 29*x. List the prime factors of h(k).
2, 7
Suppose 7*o + 434 = 6216. What are the prime factors of o?
2, 7, 59
Let p = 355 + -171. Suppose -u + 3*u - 4*l - 392 = 0, -p = -u - 4*l. What are the prime factors of u?
2, 3
Let k be 0/6*1/2. Suppose -5*p - t = -376, -3*p - 7*t + 2*t + 208 = k. Let c = -44 + p. What are the prime factors of c?
2
What are the prime factors of (1 + 7)*(-581052)/(-1312)?
3, 1181
Let x(m) = -m + m**3 - 4*m**2 + 4 - 3 + 0*m**3. List the prime factors of x(6).
67
Let u(f) = -f**2 - f. Let d be u(0). Let q(g) = d + g**2 - 3 - 5*g + 4 + 3. List the prime factors of q(5).
2
Let s(i) = i**2 - 11*i + 4. Suppose -t - 7 = -2. What are the prime factors of s(t)?
2, 3, 7
List the prime factors of (2977/78)/(2/12).
229
Suppose -4*i - 38 + 2 = 0. Let z = i + 16. What are the prime factors of z - (-1 + 12/(-4))?
11
Suppose 0 = -5*d - 4*c - 70, -2*c + 0 + 10 = -2*d. List the prime factors of (-1466)/d - (-12)/30.
3, 7
Let c(y) = 3*y**2 + 2*y**2 - 1 - 4*y**2 + 10*y + 2*y**2. What are the prime factors of c(5)?
2, 31
Suppose -2*d = 4, d + 96 = 3*i - 2*d. Let w = i + -13. What are the prime factors of w?
17
Let q be 1332/96 - 2/(-16). Suppose -5*d = 2*t + q, -d - 16 = 3*d. List the prime factors of t.
3
Let m(d) = 103*d - 194. List the prime factors of m(10).
2, 11, 19
List the prime factors of 35*313/4 - (-7)/28.
3, 11, 83
Let f be (-15 - -9)*2/(-4). Suppose z - f = 7. What are the prime factors of z?
2, 5
Suppose 23*r = 22*r + 287. List the prime factors of r.
7, 41
Suppose 0 = -0*x + x. Suppose x = -6*q + 4*q. Let t = 24 - q. What are the prime factors of t?
2, 3
What are the prime factors of ((-12284)/16)/(6/(-24))?
37, 83
Let k = 46 + -34. Suppose -9*l + k*l = 198. What are the prime factors of l?
2, 3, 11
Let v = 1061 + -755. What are the prime factors of v?
2, 3, 17
Let j = -785 - -2941. What are the prime factors of j?
2, 7, 11
Let n = 38 + -38. Let g be (-1)/(-2) - (-46)/4. Suppose -5*y = -n*y - 4*t - 64, -5*t - g = -2*y. What are the prime factors of y?
2
Let o(t) = 8*t**2 - 7*t - 21. What are the prime factors of o(8)?
3, 5, 29
Suppose -12*z - 5 = -7*z. Let m be ((-4)/(-12))/(z/(-6)). Suppose 0 = -3*i - m*i + 15. What are the prime factors of i?
3
Suppose 4*u - 4 = 2*u. Suppose -u*r + 3*n + 131 = -0*n, 265 = 4*r - 5*n. What are the prime factors of r?
2, 5, 7
Suppose 2*o = -2*o - c + 65, 5*o + 3*c = 83. Let h(v) = o*v**3 + 4 - 4*v + 2 + 3*v**2 - 4 - 12*v**3. What are the prime factors of h(1)?
5
Suppose -7 = -3*b + 116. Let g = 60 + -62. Let q = g + b. What are the prime factors of q?
3, 13
Let g(k) = k**3 + 6*k**2 + 3*k - 12. Let s(r) = 2*r**3 + 5*r**2 + 2*r - 11. Let v(t) = 3*g(t) - 2*s(t). List the prime factors of v(7).
2, 5, 7
Let n be (-10)/((-4)/(-4 + 0)). Let v = -17 - n. Let h = v - -14. List the prime factors of h.
7
Suppose 158 = a - g + 4*g, -g = -3*a + 504. What are the prime factors of a?
167
Suppose 5*c = -6*d + d + 5345, 4*d = 3*c + 4297. What are the prime factors of d?
2, 67
List the prime factors of (-9 - 3)*(3835/10)/(-13).
2, 3, 59
Let w = 29 - -43. Let y = -40 + w. List the prime factors of y.
2
Suppose l - 10 = -4*k + 6, -2*k = -2*l - 8. Let g be ((-5)/1)/(4*25/(-80)). Suppose -k*w = f - 121, 2*f + 174 = g*w + 68. List the prime factors of w.
29
Suppose -2*r + 6*r = 12, 2*t - 5 = 5*r. Suppose -t = -2*a, -a + 191 = -2*u - 52. List the prime factors of u/(-4) - 8/(-32).
2, 3, 5
Suppose -4*x + 2*b + 16 = 0, 0*b = 4*b + 16. Suppose -3*q + 3*w = -27, x*q + 3*w + w = -12. Let o(r) = 10*r - 7. What are the prime factors of o(q)?
3, 11
Let o = 6 - -2. Suppose h + 3*h + o = 0. What are the prime factors of h/4 + 57/2?
2, 7
Let p be -5 + (-12)/(-3) - 65. Let k = p + 90. List the prime factors of k.
2, 3
Let t(h) = h + 7. Suppose -5*m - 5 = 5*k, 1 = -3*m - 4*k + 2. Let a be t(m). Suppose -3*n + 74 = a*u + 23, -4*u = 5*n - 99. List the prime factors of u.
3, 7
Suppose 2*u + 1 - 35 = -5*t, 0 = -4*t + 3*u + 18. Suppose 0 = c - t. Suppose -8 - c = -m. What are the prime factors of m?
2, 7
Let p be (-6)/(-6)*2/1. Suppose -3*c + 133 = 2*c + 3*a, -c + p*a = -37. Let r = 54 - c. What are the prime factors of r?
5
Let f(m) = m**3 - 5*m**2 - 3*m + 8. Let d = -271 + 145. Let a be d/(-24) - (-6)/8. List the prime factors of f(a).
2, 13
Let l(x) = 91*x**3 - 7*x**2 + 5*x + 5. Let r(f) = 45*f**3 - 4*f**2 + 3*f + 3. Let b(h) = -4*l(h) + 7*r(h). What are the prime factors of b(-1)?
7
Let j(a) = 27*a**2 - 3*a - 4. What are the prime factors of j(-3)?
2, 31
Suppose -3*r - 2*q + 89 + 174 = 0, -4*r + 5*q = -343. List the prime factors of (84/36)/(1/r).
7, 29
Let m = 4682 + -1704. What are the prime factors of m?
2, 1489
Let n = 33 - 70. Let g = 51 + n. What are the prime factors of g?
2, 7
Let u be (10 - 4 - 3) + 183. Suppose 6 = -3*k + k, -u = -2*p + 4*k. What are the prime factors of p?
3, 29
Suppose t - q = -3*t + 1035, -4*q = 5*t - 1299. List the prime factors of t.
7, 37
Suppose -r - 2*r = -v - 2733, -r - v = -911. List the prime factors of r.
911
List the prime factors of 336/588 - (-2495)/7.
3, 7, 17
Suppose z - y + 1097 = 4*z, 0 = 3*z - 3*y - 1077. List the prime factors of z.
2, 7, 13
Suppose -5*p + 5 = -q, 6*q = 3*q + 4*p - 4. Suppose -11*a + 3*a + 304 = q. What are the prime factors of a?
2, 19
Let k be (-2)/3 + 28/6. Let a(r) = -2*r**2 - 28*r + 6. Let o be a(-13). Suppose 2*d + p = -0*d + o, 0 = 3*d + k*p - 38. List the prime factors of d.
2, 3
Let d(n) = 570*n + 413. What are the prime factors of d(7)?
7, 17, 37
Let x(o) = o - 3. Let y be x(6). Suppose -4*v - v - 58 = -y*h, -4*v - 88 = -4*h. List the prime factors of h.
2, 13
Suppose -7*t + 202 - 566 = 0. List the prime factors of 30/(-9) + (-4)/(-12) - t.
7
Let y(v) = 220*v**2 + 26*v - 52. List the prime factors of y(2).
2, 5, 11
Let c = -31 - -33. List the prime factors of (1186/11 - c) + 28/154.
2, 53
Let k(b) = -8*b - 46. Suppose -10 + 226 = -9*z. What are the prime factors of k(z)?
2, 73
Let s(k) = -k**3 - 8*k**2 - 11*k + 3. Suppose 3*j = -2*f - 29, -6*f - 55 = -f + 4*j. List the prime factors of s(f).
31
Let s be (-4600)/(-6)*30/25. Suppose -5*l = 5*u - s, 5*l + 4*u = 248 + 675. List the prime factors of l.
11, 17
Let y = -20 + 26. Let o(z) = -8*z**3 - 4*z**2 + 4*z + 13. Let v(c) = 3*c**3 + c**2 - c - 4. Let u(x) = 4*o(x) + 11*v(x). List the prime factors of u(y).
2, 37
Let l be 6/(-4)*2/(-3). Let n be (7/(7/2))/l. Suppose -4 = v, -n*r + 84 = -3*v - 0*v. What are the prime factors of r?
2, 3
Let y = -11 - -17. Suppose y = 7*p - 5*p. Suppose -4*s + p*s + 38 = 0. What are the prime factors of s?
2, 19
Suppose -4*a = -4*u - 3840, 3*a - u - 4468 = -1580. List the prime factors of a.
2, 241
Suppose 102*o + 4*v + 5436 = 106*o, -3*o + 4109 = 5*v. List the prime factors of o.
29, 47
Suppose -3*t - 3*b + 798 = 0, -t + 838 = 2*t - 5*b. Suppose -4*i + 1243 - t = 0. Suppose -i + 67 = -4*d. What are the prime factors of d?
2, 11
Suppose 5*k = -2*q + 4*k + 15, -5*k = 5*q - 40. Suppose -172 = -q*a + 451. List the prime factors of a.
89
Let r = 2497 - 734. List the prime factors of r.
41, 43
Let x(c) = -7*c. Suppose 0*a - a + 1 = 2*l, -5*a - 15 = 0. Let k be x(l). Let i(o) = -o - 11. What are the prime factors of i(k)?
3
Let g be ((-8)/(-10))/((-2)/(-5)). Let p(f) = 13*f**2 - 3. What are the prime factors of p(g)?
7
Suppose -21*r + 5845 = -2051. What are the prime factors of r?
2, 47
Let b(p) = -3*p**2 + 5*p + 6. Let d(l) = -13*l**2 + 20*l + 23. Let k(o) = -9*b(o) + 2*d(o). Let u be k(6). List the prime factors of u/((-15)/9 + 1).
3
Let b(l) = -l**2 - 17*l + 7. What are the prime factors of b(-8)?
79
Suppose -10*p = -8*p, 3*r + 5*p = 2346. List the prime factors of r.
2, 17, 23
Suppose 3*n - 15 = -24. Let l be n + (3 - 2) - 2. What are the prime factors of 36/(-30)*90/l?
3
Let s(d) = -3*d + 48. Let k be s(14). Suppose -20 = 5*j, 3*j - k*j = 3*w - 732. List the prime factors of w.
2, 31
List the prime factors of 8/(-2) - (-28 - -3)*53.
1321
Suppose 0 = -1